 -2*w + 5*j = 7. Let u(o) = o**3 + 7*o**2 + 5*o - 2. What is the units digit of u(w)?
4
Let g(d) = -d**3 - 5*d**2 - 5*d + 5. Suppose 3*f = -1 - 14. What is the units digit of g(f)?
0
What is the tens digit of 1*-2*(-876)/24?
7
Suppose -7 = 4*t - 39. Let r be ((-8)/6)/((-1)/(-3)). What is the units digit of (t/r)/(1/(-4))?
8
Let l(d) = 41*d - 1. What is the units digit of l(2)?
1
Let k = 15 + -12. What is the units digit of k?
3
Let u be (-44)/(-16) + 2/8. Suppose -3*l = u*j - 9, -2*j = 2*l - l + 1. What is the units digit of l?
7
Let r = 6 - 15. Let x = r - -13. What is the units digit of x?
4
Let y = -3 - 0. Let o be (1 + y)*9/(-2). Suppose 25 = 2*n + o. What is the units digit of n?
8
Let c = -2 + 11. Let v(p) = 2*p - 6. Let l be v(4). Suppose l*j = 13 + c. What is the units digit of j?
1
Let u = -3 + 6. Suppose -2*l + 25 = a, 30 = u*a - l - 17. What is the tens digit of a?
1
What is the units digit of (65/26)/((-2)/(-44))?
5
Suppose -5*j = 3*p - 31, 3*p - 26 = -5*j + j. Suppose 3*x = 8 + 4. Suppose -3*q = x*d - 0*q - 14, 4 = -p*q. What is the units digit of d?
5
Let b(u) = -u**3 - u**2 - u + 17. What is the units digit of b(0)?
7
Let g(v) = 43*v - 22. What is the units digit of g(6)?
6
Let c = -136 - -79. Let q = -20 - c. What is the tens digit of q?
3
Suppose 0*a - 3*a + 3 = 0. What is the units digit of a?
1
Suppose 0 = 3*b + 12 + 6. Let s be b/2*1 - 1. Let f(g) = -g - 1. What is the units digit of f(s)?
3
Let b be (-5)/15 + (-136)/6. Let n = b + 11. What is the units digit of (-8)/n*18/4?
3
Suppose -4*o = 2*f - 8, 0*o - 6 = -4*f + 2*o. Suppose -3*v - 4 = -5*x + 5, 3*x = v + 7. What is the units digit of 1/v*(4 + f)?
3
Suppose 0 = w - 45 + 4. What is the tens digit of w?
4
Let s = -26 - -47. Suppose 2*z + 5 = 2*p + s, 0 = 4*z - 5*p - 37. What is the units digit of z?
3
Let q(d) = -4*d - 1. Let g be q(2). Let a = 14 + g. What is the units digit of a?
5
Suppose 0*l = 5*m - 2*l - 167, -2*m + 2*l + 68 = 0. Let v = m - 17. What is the units digit of v?
6
Let k(i) = -i. Let l(v) = v + 3. Let d(n) = 5*k(n) + l(n). What is the units digit of d(-3)?
5
Let o(u) = u**3 + 5*u**2 - 13*u + 4. What is the tens digit of o(-6)?
4
Let x = 230 + -56. Suppose -x = -a + 4*a. What is the tens digit of (-3)/(-9) - a/6?
1
Let n(s) be the first derivative of s**2 - s - 1. Let t be n(3). Suppose -t*y + 13 = -17. What is the units digit of y?
6
Let j(y) = -y**3 - 6*y**2 - y + 8. Suppose -2*n - 36 - 1 = -5*c, -5*n = -c + 35. What is the tens digit of j(n)?
1
Let c = 12 - -18. What is the units digit of c?
0
Let v(h) = h**3 + 9*h**2 - 5*h + 11. What is the units digit of v(-8)?
5
Let l = 17 + -15. What is the tens digit of -3*2/l*-7?
2
Suppose 3*j - j - 16 = -5*d, -18 = -3*d + 3*j. Let h = 7 + d. What is the tens digit of h?
1
Suppose -4*g + 4 = -2*j + 2, 2 = -g + j. Suppose 2*y = -y - g. What is the units digit of (10/4)/(y/(-2))?
5
Let m = -48 - -102. What is the units digit of m?
4
Suppose h + 18 = 5*n - 73, n - 20 = 2*h. What is the units digit of n?
8
Let u(m) = -m + 1. Suppose -27 = -5*q + 3*t + t, 4*t = 3*q - 21. Suppose -q*c = c. What is the units digit of u(c)?
1
Suppose 2*z - 15 = 5. What is the units digit of z?
0
Let u = 22 + -16. What is the tens digit of (u/(-12))/(2/(-100))?
2
Let x(z) be the third derivative of -z**4/12 + z**3/6 + z**2. Let q be x(4). What is the units digit of 4/14 + (-33)/q?
5
What is the tens digit of (-17)/(-34) - (-1)/((-2)/(-505))?
5
Suppose -2*y - 12 = 4*u, -y + 3*y + 14 = -5*u. Let b(q) = -2*q + 2. Let p be b(y). What is the units digit of (1 - (-2)/(-1)) + p?
5
Suppose 4*y - 76 = -2*k, 5*y - 117 = 5*k - 2*k. What is the tens digit of y?
2
Suppose 72 = 14*n - 12. What is the units digit of n?
6
Suppose 42 = 2*i - 10. What is the tens digit of i?
2
Suppose 5*f - 4*f - 4*b = 172, 662 = 4*f - 3*b. What is the units digit of f?
4
Suppose -60 = -p + 4*q, 0 = -3*p - 2*q + 51 + 73. What is the units digit of p?
4
Suppose -g - 4*p + 14 = 0, -2*g + 2*p + 14 = -44. What is the tens digit of g?
2
Let b(n) = 3*n**3 + 3*n**2 - n - 2. What is the tens digit of b(2)?
3
Let f(b) = b**2 + b - 1. Let x(o) = 4*o**2 - 4*o + 7. Let v(d) = 3*f(d) + x(d). What is the units digit of v(2)?
0
Let r(j) = -j**2 - 5*j + 3. What is the units digit of r(-4)?
7
Let l(p) be the first derivative of p**6/90 + p**5/40 - 2*p**3/3 + 1. Let r(h) be the third derivative of l(h). What is the units digit of r(-2)?
0
Let s(y) = y**2 - 4*y - 3. Suppose v = -2*p - 2 - 3, v = 3*p + 10. Let m be s(p). What is the tens digit of (m/(-12))/((-6)/64)?
1
Suppose 25 = -7*n + 2*n. Let s(k) be the first derivative of k**4/4 + 4*k**3/3 - 3*k**2 - 3*k - 2. What is the units digit of s(n)?
2
Suppose 74 = i + 31. What is the units digit of i?
3
Suppose 4*x + k = 25, -5*x + 3*k + 5 + 5 = 0. What is the units digit of x?
5
Suppose -4*v = l - 16, 4*v - l - 16 = -4*l. Suppose -b + 110 = v*b. Let x = b - 16. What is the units digit of x?
6
Let j(n) = n**3 + 2*n**2 + 3*n + 1. Let i be j(3). Suppose 0 = 4*t + h - i, 0*h + 3*h + 75 = 4*t. Suppose 6 + t = 3*u. What is the units digit of u?
7
Suppose -4*d + 74 = 3*q - 143, -5*q = d - 373. What is the tens digit of (8/(-6))/((-10)/q)?
1
Suppose -5*a = 4*r + 128, 4*a = -0*a - 2*r - 100. What is the units digit of ((-34)/(-8))/((-6)/a)?
7
What is the tens digit of (51/3)/((-6)/(-12))?
3
Let s = -7 - -7. Suppose -3*j + 11 + 16 = s. What is the units digit of j?
9
Let l(i) = 43*i**2 + i. What is the units digit of l(1)?
4
Let c be 30/9 - (-4)/6. Suppose -3*r + 115 = 5*w, 3*w - c*r - 60 = -w. What is the units digit of w?
0
Suppose -5*n = -2*k + 36, -5*n + k - 33 = -0*k. Let s be n/(-21) + 4/(-14). What is the tens digit of s + 8 + 1*2?
1
Let k = -3 - -1. Let m = k - -5. What is the units digit of m?
3
Let d be (2 + 2 + -3)*2. Suppose 3 + 1 = d*h. What is the units digit of (16/20)/(h/15)?
6
Let t be 1 + (-3 - -3) + 0. What is the units digit of 14 - t/2*0?
4
Suppose 0 = 3*g + 2*g - 5. What is the tens digit of (g + 2)*3 - -2?
1
Let m(p) = -p + 4. Let a be m(10). Let b(h) = h**3 + 7*h**2 + 5*h - 5. What is the units digit of b(a)?
1
Suppose 10 = 3*f - f. Suppose 0 = -5*x - 4*b + 22, -f*x - 3*b + 0*b + 24 = 0. What is the units digit of x?
6
Let c be (-4)/14 + (-6)/(-21). Let d(z) = -z**2 - 6. Let u be d(c). What is the units digit of (-5)/u - 3/(-18)?
1
Let c(z) = z - 3. Let s = 26 + -17. Suppose a = -5*o - s, -3*o - 4 = 5. What is the units digit of c(a)?
3
Let t be 2*((-15)/(-6) + -1). What is the units digit of (-61)/(-3) + t/(-9)?
0
Let v(g) = -2*g - 8. Let i(u) = -u**2 - u - 6. Let x be i(0). What is the units digit of v(x)?
4
Let k = -4 + 6. Suppose 25 = -3*w - 0*w - 5*f, -k*w - 15 = 3*f. Suppose w*m + 2*m - 10 = -2*j, 5*m = 15. What is the units digit of j?
2
Suppose 9*t = 5*t. What is the units digit of t + (-2)/(-3 + 1)?
1
Let u = 10 + -8. Let n be u*1 + 9/(-1). Let w = 22 + n. What is the units digit of w?
5
Suppose 0*u + u - 12 = 0. Let w(v) = 0 + 0 + u*v**2 + 2 + v - 3. What is the units digit of w(1)?
2
What is the tens digit of (-16)/10*((4 - 8) + -106)?
7
Suppose t = w + 4*t + 4, 5*t + 20 = w. Let d = 63 - 36. Suppose -18 = -w*i + d. What is the units digit of i?
9
Suppose 3 = -4*v + 11. Suppose 0*i = v*i - 26. What is the units digit of i?
3
Suppose 0 = -17*g + 10*g + 1757. What is the units digit of g?
1
Let x = -10 - -12. Let y(i) = -222*i. Let d be y(x). What is the tens digit of (-2)/11 + d/(-22)?
2
Let h(a) be the first derivative of -a**4/2 - a**3 - a**2/2 - 2*a - 5. What is the tens digit of h(-3)?
2
Let y = 71 + -39. Suppose 0 = -4*x + 3*x + y. What is the tens digit of x?
3
Let v be 1*2 - (0 - -5). Let q be (1 - 40)/v - 2. Let f = 17 - q. What is the units digit of f?
6
Let p(v) = -5*v - 8. Let y(j) = 3*j + 4. Suppose 3*d - 2*d - 4 = 0. Let s(r) = d*p(r) + 7*y(r). What is the units digit of s(7)?
3
Suppose 8 = 4*s - 4. Suppose -n + 120 = s*n. What is the units digit of (-58)/(-12) - (-5)/n?
5
Suppose 2*w + 2*w - 121 = -5*j, 2*w = -3*j + 61. Let s = w + -9. What is the tens digit of s?
2
Let q = -23 + 45. What is the tens digit of q?
2
Suppose -46 = -3*s + 56. What is the tens digit of s?
3
Suppose y - 27 = i, 3*y = -5*i - 11 + 116. Suppose 4*u - y = 2*u. What is the units digit of (14/35)/(1/u)?
6
Let x = -9 + 14. Suppos